t m = 7 + -5. Suppose m*p + 3*f = -2*f - 37, f = -5*p - 58. Let o = 15 + p. What is the units digit of o?
4
Let d = -9 - -3. Let l = 20 + d. What is the units digit of l?
4
Let n = 16 + -13. Suppose 2*j - 58 = -r, 5*r - 80 = -n*j - 0*r. What is the units digit of j?
0
Suppose 3*a - 6 = 3. Suppose -b + 4*j = -4*b + 98, -a*j - 105 = -3*b. Let c = -16 + b. What is the units digit of c?
8
Let b(p) = -p**3 - 4*p**2 + 4*p - 5. Let m be b(-5). Suppose m = d + 4*d. Let j = 6 + d. What is the units digit of j?
6
Let x = -14 - -45. Let p = x - 19. What is the units digit of p?
2
Suppose -2*q = 3*q - 80. Let g = 25 - q. What is the units digit of g?
9
Suppose 0 = -4*c - 1 - 3. Let s be (-1 + (c - -1))*1. What is the units digit of (2/(-4))/(s/16)?
8
Suppose -j + 4*j - 24 = 0. Suppose -3*x + j = x. What is the units digit of x?
2
Let i(j) = -j**3 + j**2 + 99. What is the tens digit of i(0)?
9
What is the units digit of 4 + -6 - 82/(-2)?
9
Let l = 17 + -11. Suppose l*s - 25 = 35. What is the tens digit of s?
1
Suppose 0 = 18*g - 20*g + 620. What is the units digit of g?
0
Let a(s) = -s**2 + 12*s + 13. What is the units digit of a(11)?
4
What is the units digit of 84/(-18)*(-9)/2?
1
Let t(b) = b**2 + 4*b - 5. Let h be t(-5). Suppose h = -3*l + 59 + 34. What is the tens digit of l?
3
Let u = 3 - 3. Suppose 2*a = -u*a + 16. Suppose -2 = p - a. What is the units digit of p?
6
Let a = -1 + 3. Let y = 4 - a. Suppose 10 = -y*f + 3*f. What is the units digit of f?
0
Let g = -9 - -46. What is the tens digit of g?
3
Suppose 80 = 4*o + 2*p, -4*o + 62 = 3*p - 20. What is the tens digit of o?
1
Let u = -16 + 24. Let s = u + -4. What is the units digit of s?
4
Let g(n) = -7*n + 3. Let j be g(-4). Suppose 77 = -4*p - j. Let b = -13 - p. What is the units digit of b?
4
Suppose -3*t + 4*t - 5 = 0. Suppose 16 = 3*o - t*a, 4*a + 2 = 3*a. What is the units digit of (o - -3) + -2 + 3?
6
Let t(k) = 7*k + 2. Let i(c) = 6*c + 3. Let d(j) = -5*i(j) + 4*t(j). Let g be d(-8). Let s(m) = m - 7. What is the units digit of s(g)?
2
Let p = 148 - 40. What is the tens digit of p?
0
Let l = -52 - -35. Let y = l - -24. Let z = y - -5. What is the tens digit of z?
1
Suppose -242 = -4*u + 2*y, -u - 123 = -3*u + 3*y. What is the tens digit of u?
6
Let l = 79 + -71. What is the units digit of l?
8
Suppose r - 5*c - 6 + 17 = 0, -5*r + 11 = -3*c. What is the units digit of r*2/4 - 1?
1
What is the units digit of (-171)/6*(-20)/2?
5
Let m(b) be the third derivative of 0 - 1/12*b**4 + 0*b + b**2 - 7/6*b**3. What is the units digit of m(-5)?
3
Suppose 4*z = 1 + 3. Let x(o) = 35*o**3 - o**2. What is the units digit of x(z)?
4
Suppose -2*l + 24 = -5*l. Let h = 1 - l. What is the units digit of h?
9
Let u = -47 - -97. What is the units digit of u?
0
Suppose h = -0*h. Let c(k) = k + 19. Let w be c(-6). Let g = h + w. What is the tens digit of g?
1
Let s(w) = 11*w + 10. What is the tens digit of s(5)?
6
Let c(h) = h**2 + h + 1. Let y(n) = -8*n**2 - 16*n - 12. Let r(t) = 12*c(t) + y(t). What is the units digit of r(3)?
4
Suppose 4*k = 2*k + 10. Let y be ((-15)/(-12))/((-1)/(-4)). Suppose k*j - 4*j + 11 = y*v, v = 3*j - 37. What is the units digit of j?
4
Let m(l) = l**3 + 9*l**2 + 6*l - 10. Let d(s) = 8*s. Let f be d(-1). What is the units digit of m(f)?
6
Suppose -3*t + 2*t = -12. Suppose -q = -4*q + t. What is the units digit of q?
4
Suppose 0 + 24 = 2*t. What is the tens digit of t?
1
Let i(u) = 25*u**3 - u**2. What is the tens digit of i(1)?
2
Let d = 1 + -4. Let s be (d/(-4))/(3/12). Suppose i - 4*i + 29 = w, -s*i - 2*w = -34. What is the units digit of i?
8
Suppose 0 = x - u - 38, 62 - 217 = -4*x + 5*u. What is the units digit of x?
5
Let v be 4/(-5)*(-5)/1. Let x(p) = 2*p - 6. Let k be x(8). Suppose k = v*j + j. What is the units digit of j?
2
Suppose 5*l + r - 123 = 0, 15 = l - 3*r - 0. What is the units digit of l?
4
Let g = 545 + -230. What is the units digit of g?
5
Suppose 0 = r - 2*r + 9. Suppose 5*l = 2*j - r, -j + 0 = 5*l + 3. Suppose -9 = -j*m + 5. What is the units digit of m?
7
Let i be ((-16)/12)/((-8)/60 + 0). Let m = -9 + 5. Let y = m + i. What is the units digit of y?
6
Let i(z) = -z**3 - 7*z**2 + 2*z - 7. Let t = 2 + 1. Let s(f) = f**3 + 6*f**2 - 3*f + 6. Let n(c) = t*s(c) + 2*i(c). What is the units digit of n(-5)?
4
Let i(b) = -9 - b**2 - 4 - 8*b**3 + 7*b**3. Let k be i(0). Let f = -6 - k. What is the units digit of f?
7
Let i(a) = -a**2 - a + 2. Let w(r) = r**3 - 6*r**2 - 2. Let x be w(6). Let u be i(x). Suppose u*b = -b + 10. What is the tens digit of b?
1
Suppose 6*k - 40 = 20. What is the tens digit of k?
1
Let a(o) be the first derivative of -o**4/2 - 5*o**3/3 - 2*o**2 + 1. What is the units digit of a(-3)?
1
Let u = -452 - -641. What is the tens digit of u?
8
Suppose 4*s = 3*i + 21, 0 = -2*i - 5*s + 1 + 8. Let v be (-1)/(((-2)/i)/(-2)). Suppose 5 = v*o - 22. What is the units digit of o?
9
Suppose -i + 141 + 107 = s, 0 = 5*i - 4*s - 1195. What is the units digit of i?
3
Let i(t) be the first derivative of -t**4/4 - 4*t**3/3 + 2*t**2 - 3*t - 2. Suppose -3*m = -3*f, 5*m + 15 = -f + 3*f. What is the units digit of i(f)?
2
Suppose -w + 45 = -4*p, 2*w + 0*p = 3*p + 70. What is the units digit of w?
9
Let g(d) = -5*d - 5. Let h be g(-10). Let m = 68 - h. What is the units digit of m?
3
What is the hundreds digit of ((-1)/(-2))/(((-44)/(-1008))/11)?
1
Let g = -97 + 230. Suppose -3*u = -m - g, -3*m - 141 = 2*u - 5*u. What is the units digit of u?
3
Suppose 4*d + 10 = -d. Let j = d - -8. Let a(s) = -s**2 + 7*s + 1. What is the units digit of a(j)?
7
Let c(g) = -g**2 + g - 1. Let r(m) = 2*m**2 + 10*m + 6. Let l(f) = -c(f) - r(f). What is the tens digit of l(-5)?
2
Let m(g) = -6 - 6*g**2 + 5*g**2 - g + 1 - 8*g. What is the units digit of m(-7)?
9
Suppose y - 40 = -y + 4*c, -3*c = -2*y + 35. Suppose 0 = 3*t + 6, -3*d = -2*t - y. What is the units digit of d?
2
Suppose 0 = 7*k - 3*k - 276. What is the units digit of k?
9
Let q(o) = o**3 + 13*o**2 + 8*o - 4. What is the tens digit of q(-9)?
4
Suppose t - 2*t + 4 = 0. Suppose -t*f = f - 5. What is the units digit of f?
1
Let k(t) = 2*t - 4*t + 2 + 0*t. Let f be k(-4). Suppose f = 2*o - 0*o. What is the units digit of o?
5
Let v = 84 + -15. What is the units digit of v?
9
Let j(y) = -y**2 + 6*y - 3. Let c be j(4). Let k(n) = -4*n**3 - 6 - 3*n**2 - 1 - 4*n + c*n**3 - 2*n**2. What is the units digit of k(6)?
5
Let l = -8 + 15. Let g = l - 2. What is the units digit of g?
5
Let n = 283 + -192. What is the units digit of n?
1
What is the hundreds digit of (-11 + 5)*(-255)/6?
2
Let f(w) = -w**3 + 5*w**2 + w - 3. Let l be f(5). Suppose 0 = -0*j - l*j + 24. What is the units digit of j?
2
Suppose 0 = 2*b + 2*d - 40, d = -0*b - 2*b + 45. What is the units digit of 5/(-2)*(-20)/b?
2
Let l be ((-4)/8)/((-2)/320). Suppose -2*p + 16 = i - p, l = 5*i + 4*p. What is the tens digit of i?
1
Suppose -5*i + 5*b - 90 = 0, 5*i + 3*b + 2*b = -60. Let m be 1/4 + i/(-4). Suppose 16 = -0*r + m*r. What is the units digit of r?
4
Let q = 21 - 18. Let d(m) = 2*m**2 - m - 2. What is the units digit of d(q)?
3
Suppose 1 + 1 = a. Suppose -54 = -3*y + d, -a*y = -y - 5*d - 18. What is the units digit of y?
8
Let u = 3 - 7. Suppose 0 = -5*x - 3 - 12. What is the units digit of x*(u/2)/2?
3
Let w = 185 + -110. What is the units digit of w?
5
Suppose 0 = -32*f + 27*f + 25. What is the units digit of f?
5
Let i(d) be the first derivative of 16*d**3/3 + d**2/2 + d - 5. What is the tens digit of i(-1)?
1
What is the tens digit of -9 - -14 - 218/(-2)?
1
Let n = -42 - -64. Let d be (1 - 0)/(4/(-52)). Let v = d + n. What is the units digit of v?
9
Let i(f) = f**2 + 3. Let d(q) = 4*q**2 + 2*q + 1. Let s be d(-1). What is the units digit of i(s)?
2
Suppose s - 22 = 2*d, -3*s = -6*s + 2*d + 82. What is the tens digit of 372/s + 2/(-5)?
1
Let a(z) = -z**3 - 9*z**2 - z + 3. What is the tens digit of a(-9)?
1
Suppose 0 = -13*m + 16*m - 282. What is the units digit of m?
4
Let i = 3 - -3. What is the units digit of i + 9 - (-3 + 1)?
7
Let b = -5 + 1. Let y = b - -8. Suppose 2*o + r + 4*r - 37 = 0, -o = -y*r + 14. What is the units digit of o?
6
Suppose 6 = -p - 0*p. Let x(z) = -z**3 - 3*z**2 - 3*z + 10. Let j(q) = -q**3 - 2*q**2 - 2*q + 11. Let v(b) = -4*j(b) + 5*x(b). What is the u